 - 21 = -3*c. Calculate the greatest common factor of 348 and i.
12
Let s = -31 - 7. Let v(d) = -4*d - 1. Let x be v(5). Let u = x - s. What is the highest common divisor of 85 and u?
17
Let i be (-328)/(-104) - (-4)/(-26). Suppose -3*t - 3*c = -210, -2*c = -3*t + i*c + 194. What is the highest common factor of 170 and t?
34
Let o = -83 + 85. Suppose 0 = 2*w - 0*p + p - 123, o*w - 2*p = 114. Calculate the highest common factor of 15 and w.
15
Let z be (-3955)/(-10) - (-2)/4. Let v = -176 + z. Let w = -66 - -86. Calculate the highest common divisor of v and w.
20
Suppose -4*f = x - 29 + 9, 3*x = 5*f + 9. Let j(m) = 7*m**2 + 2. Let z be j(0). Calculate the highest common divisor of x and z.
2
Let n = 75 - -42. Calculate the highest common divisor of n and 27.
9
Suppose 8673 = 72*s + 2769. What is the highest common factor of 1312 and s?
82
Let o be (11 + 1)*12/18. Let h be (-142)/(-8) + 2/o. Suppose 2*b - h = -4. What is the highest common divisor of b and 77?
7
Let n be (3/9*-2)/(2/(-30)). Let k be (-6)/n + 96/10. What is the greatest common divisor of k and 9?
9
Let d be 20*(-1 + (-8)/(-10) + -3). Let l be (5/10)/((-2)/d). Calculate the highest common factor of 64 and l.
16
Suppose -6*x = -2580 - 24. Calculate the greatest common divisor of 42 and x.
14
Let w be (2/4)/(15/60). Suppose p = -2*j - 2*j + 865, w*p - 650 = -3*j. Calculate the greatest common factor of 27 and j.
27
Let x = -135 + 343. Calculate the greatest common divisor of 64 and x.
16
Let o be (63/(-12))/(4/(-16)). Calculate the greatest common factor of o and 77.
7
Let j = 76 + -46. Let r(n) = 13*n**2 + 5*n + 6. Let f be r(-3). Let b be 3/(3/10)*f/24. What is the highest common divisor of b and j?
15
Let j be -2 + 14 - (-3 + 0). Suppose -5*i - j = 5*p, -6*i - 21 = -4*i + 5*p. What is the greatest common divisor of i and 5?
1
Suppose 13*t + 20 = 18*t. Suppose -5*b - a - 24 = -7*b, -t*b + 5*a + 42 = 0. Calculate the greatest common factor of 13 and b.
13
Let f(z) = -13*z + 253. Let q be f(13). What is the greatest common factor of 63 and q?
21
Let a be (-1 + 8/(-4))/(-1). Suppose 0 = -0*q - q - 29. Let x = q - -53. What is the highest common factor of x and a?
3
Let j(k) = -k**2 - 17*k + 20. Let d be j(-15). What is the greatest common factor of d and 130?
10
Suppose u + 3*c = 1473, -c = -3*u + 1550 + 2919. What is the highest common factor of 48 and u?
48
Suppose -3*q - 2*q - 3*k - 25 = 0, q - k + 5 = 0. Let t be 0 + (q - -2 - -6). Let l be 14 + t - 6/2. What is the highest common divisor of 70 and l?
14
Suppose 13 = 5*q - 3*o, 6*q - 45 = q - 5*o. Suppose q*s + 48 = 103. Calculate the greatest common divisor of 11 and s.
11
Let k = -142 - -148. Calculate the greatest common divisor of 138 and k.
6
Suppose -y - 3843 = -5*v, 3*y + 1142 = 2*v - 403. What is the highest common divisor of 48 and v?
48
Suppose 4*p + 21 = 3*x, -30 = -5*x - 121*p + 126*p. Let v(u) = 32*u + 1. Let w be v(1). What is the greatest common divisor of x and w?
3
Let f(a) = 24*a - 46. Let b be f(3). Calculate the highest common divisor of 2314 and b.
26
Suppose -71*d - y = -66*d - 372, 3*y + 84 = d. Let m(b) = -b**2 - 9*b + 7. Suppose 1 + 29 = -5*g. Let j be m(g). Calculate the highest common factor of d and j.
25
Let g be (-68)/(-8)*(0 + 14). What is the greatest common divisor of g and 7?
7
Let c be (-1 + -4 + 1)/(-2). Suppose 0 = -t + c*t - 13. Let w(x) = 14*x - 5. Let u be w(5). What is the greatest common factor of u and t?
13
Suppose 40 = 2*s + 5*w, -2*s + 3*s - 3*w = -2. Suppose -s + 46 = 3*h. What is the highest common factor of h and 6?
6
Let x(w) = -w**3 - 3*w**2 + 6*w + 6. Let b be x(-4). Let l be 13/5 + (-6)/(-15). Let j be (-32)/b - l/1. Calculate the highest common divisor of 143 and j.
13
Suppose 9*p - 15222 - 1878 = 0. Suppose 0 = -5*d - 14*d + p. What is the greatest common factor of 40 and d?
20
Let b be ((-27)/(-18))/(6/8). Suppose b*w = 3*w - 232. What is the highest common divisor of w and 29?
29
Suppose -2076 = -s - 1698. What is the highest common divisor of s and 168?
42
Let c be (52 - -1) + (-15)/5. Suppose 0 = -3*f + 5*z + 35, -z = 2*f + 5 - c. Let g be (-12)/f - (-186)/10. Calculate the highest common divisor of g and 12.
6
Let r = 290 + -224. What is the greatest common factor of r and 44?
22
Let j(s) = s**2 + 10*s - 35. Let r be j(-13). Suppose -2*p = r*b + b - 182, 5*b = 5*p + 175. What is the greatest common divisor of 24 and b?
12
Suppose -2*t - 7*h + 9*h = -200, 335 = 3*t + 4*h. Calculate the greatest common factor of 195 and t.
15
Let w be -9 + 28 + -9 - 5. Let n(l) = -11*l - 1. Let h be n(-6). What is the highest common factor of h and w?
5
Let u be (-135)/6*54/(-45). What is the greatest common divisor of u and 27?
27
Suppose -2 = -a + 2. Suppose 2*b + 25 = 2*y - 3*b, 5*y - 71 = a*b. Suppose 0 = 4*x + x - y. What is the highest common factor of x and 15?
3
Let n be 12 - (-1160 - -8)/3. What is the highest common divisor of 924 and n?
132
Let k be (84/(-12) - -3) + (-1 - -177). Calculate the highest common factor of 946 and k.
86
Let k(c) = -c**3 - 4*c**2 + 9*c + 12. Let d be k(-6). Suppose -3*a - d = -36. Calculate the greatest common factor of a and 3.
1
Let u = 834 + -825. What is the highest common factor of 1611 and u?
9
Suppose 2*s + 12 = -2*s, 5*s = -o + 1. Suppose 0 = o*h - 576 - 432. What is the greatest common factor of 21 and h?
21
Suppose 826 = 12*g - 1022. Calculate the greatest common divisor of 44 and g.
22
Let x(w) = w**3 + 6*w**2 + 3*w - 1. Let s be x(-4). Suppose -6 = v - s. Calculate the highest common factor of 117 and v.
13
Suppose 4*r - x = 781 - 162, 0 = -2*r - x + 305. Suppose 0 = -50*q + 57*q - 98. Calculate the greatest common divisor of q and r.
14
Suppose -9 = 5*l - 329. Suppose -y - 5 = 0, -5*t - 2*y + 200 = -4*y. Suppose -6 + t = 4*w. Calculate the highest common divisor of l and w.
8
Suppose 10*i - 13*i = 4*g - 2, -40 = 5*i - 2*g. Suppose 0*q + 2*q = 6. Let f be 0 - i/3*q. Calculate the highest common divisor of f and 2.
2
Suppose -3*h - 36 = -60. Let d = -1 + 5. What is the highest common divisor of h and d?
4
Suppose 6*a - 688 - 404 = 0. Calculate the greatest common divisor of a and 13.
13
Suppose -10*c + 6*c = -4*g - 324, 2*g - 342 = -4*c. Calculate the highest common divisor of c and 546.
42
Let u be (1 + 29)*(-63)/((-1890)/24). Let r = -49 + 73. What is the greatest common factor of r and u?
24
Let v = 103 - 120. Let m be (v - 165)*(-6)/4. What is the greatest common divisor of 39 and m?
39
Suppose -8 = 25*p - 27*p. Let o = -2 + 6. Suppose -2*n - 3*l + 141 = 2*l, -o*n + 300 = p*l. What is the greatest common divisor of n and 13?
13
Let a(w) = 3*w**2 - 2*w**2 - w - 11 + 4*w + 2*w. Let p be a(-9). Let m be ((-10)/(-15))/(4/30). What is the greatest common divisor of p and m?
5
Let d = 1222 - 1200. Calculate the highest common divisor of d and 374.
22
Suppose 0*n + 8 = n. Suppose 2*g - 3*j + n*j = 52, 4*g - 2*j = 56. Calculate the greatest common divisor of g and 24.
8
Let b = -389 + 1055. What is the greatest common divisor of b and 36?
18
Let c = -16 + 19. Suppose -52 = -c*q - q. Suppose 2*d + q = 37. Calculate the highest common factor of d and 3.
3
Let b = 259 - 232. Let u(j) = j**2 - 4*j + 4. Let y be u(5). Calculate the greatest common divisor of b and y.
9
Suppose 0 = -2*v + c + 242, -2*c + 314 + 162 = 4*v. Calculate the highest common divisor of 680 and v.
40
Suppose -o + 61 = -d, 3*o + o - 3*d - 249 = 0. Suppose -4*m = -145 - 31. Calculate the greatest common divisor of m and o.
22
Suppose -4*u + 7 = -9. Let y(g) = -g**3 + 3*g**2 + 4*g + 3. Let q be y(u). Suppose q*h - 8*h = -675. What is the greatest common divisor of h and 54?
27
Suppose -124 = -k - 2*s, 9*k - 5*k - 514 = s. Let o be 6/9 - (-476)/6. Suppose -v - 4*v = -o. What is the greatest common divisor of k and v?
16
Suppose -3*k - 7 = -58. Let a be 2/(-4)*3/(-12)*0. Let j be 3/(-3 + a) - 72/(-4). Calculate the highest common divisor of k and j.
17
Suppose 2*d + 759 = 25*d. What is the highest common factor of d and 15?
3
Let p = 16 - -80. Let n be -5 + (-84)/16 - (-1)/4. Let a = n - -26. Calculate the highest common divisor of p and a.
16
Suppose 0 = -8*u + 161 - 17. Suppose -12 = -u*j + 17*j. What is the highest common factor of 12 and j?
12
Suppose 0 = 4*h - 3*b - 232, 